659, 3*o - 2028 = 5*p. Calculate the remainder when o is divided by 100.
71
Suppose 0 = 101*z - 91*z - 2421 - 4809. What is the remainder when z is divided by 61?
52
Let i(g) = -2*g**2 + 53*g - 21. Let s be i(26). Suppose -2*u - u + 57 = -s*a, -2*a + 8 = u. Calculate the remainder when 237 is divided by u.
13
Suppose 4*f - 28*o - 12 = -24*o, 4*f - 3*o = 11. What is the remainder when 17 is divided by f?
1
Suppose -4*j - 3*s + 1209 = 0, -4*j + 20*s - 18*s = -1194. Calculate the remainder when j is divided by 19.
15
Suppose -y - n = -5*y + 7, 8 = y + n. Suppose y*i + 159 = -8*r + 3*r, 0 = -4*r. Let q = i + 78. What is the remainder when 123 is divided by q?
23
Suppose 0 = -142*c + 131*c + 6314. What is the remainder when c is divided by 23?
22
Let m(o) = 24*o - 273. Let d be m(6). Let c = d + 181. What is the remainder when c is divided by -1*(-1 - -88)/(-3)?
23
Let x be 2/(-11) - (64/(-44))/8. Let j(i) = -11*i + 129. What is the remainder when j(x) is divided by 37/3 + 8/(-24)?
9
Let z(f) = -25*f - 40. Suppose 6 = m - 26. Suppose -3*t - 5*s = -92, -t = -0*t + 3*s - m. Calculate the remainder when z(-5) is divided by t.
27
Suppose 5*j - 65 = 4*d - 8*d, -3*d + 5*j = -75. Let r(a) = -8*a - 216. What is the remainder when r(-34) is divided by d?
16
Suppose 42*w + 516 = 54*w. Calculate the remainder when 386 is divided by w.
42
Suppose 4*p = 2*u - 270, -4*p + 579 = 4*u + p. Let z(y) = y**2 - 159*y - 2764. What is the remainder when u is divided by z(-16)?
33
Let h be (10/(-8))/((40/(-32))/5). Suppose o - 263 = -h*x, 2*o - 100 = -2*x - o. Let f = 28 - 14. Calculate the remainder when x is divided by f.
11
Suppose -11*z = -16*z - b + 516, -5 = -5*b. Let o = z + -82. Calculate the remainder when o is divided by 7.
0
Suppose -2*m - 2*f = -148, -m + 90 = 136*f - 139*f. What is the remainder when m is divided by 76?
2
Let b = -63 + 53. Let f = 58 + b. Calculate the remainder when f is divided by (50/10)/((-2)/(-10)).
23
Let g(j) = -43*j + 185. What is the remainder when 624 is divided by g(3)?
8
Let q(l) = l**3 + 15*l**2 + 72*l + 863. What is the remainder when 6116 is divided by q(-14)?
47
Let k be (12/(-4) + (-917)/(-1))/(-1). Let y = k - -434. Let s = y + 712. Calculate the remainder when s is divided by 59.
55
Suppose 11943 = 44*d - 7329. Suppose -4*b = 20, 4*f - 2*b - 166 - 20 = 0. What is the remainder when d is divided by f?
42
Let f(n) = 13*n - 1. Suppose 4*z - 366 = -106. Let a = -32 + z. What is the remainder when a is divided by f(1)?
9
Let m be (-4)/3 + 2 - 13/(-3). Suppose m*b + 142 = -d - 2*d, -4*b = -4*d + 120. What is the remainder when b/(-4) - 4*(-3)/(-48) is divided by 5?
2
What is the remainder when 1444 is divided by (-9)/((-180)/1444) + (-2)/10?
4
Let t = 18 + -11. Let z = t + -8. What is the remainder when (-84)/24*(-1 + z) is divided by 3?
1
Let x = -745 + 1266. Let g = x + -436. What is the remainder when 592 is divided by g?
82
Suppose -7*y + 1702 = -2218. Suppose -y = 15*g - 35*g. Let c = -21 + 38. Calculate the remainder when g is divided by c.
11
Let d be 592 - 1/(2/8). Let h = -495 + d. Calculate the remainder when h is divided by 17.
8
Let a = 52 - 21. Let c(o) = -o - a + 21 + 28 + 7. Calculate the remainder when 13 is divided by c(14).
2
Suppose 5*p = -2*m + 4 - 24, m - 8 = 2*p. Suppose -d - 4*c = -115, 2*d + m*d = -c + 223. Let z = d + -93. Calculate the remainder when 64 is divided by z.
10
Suppose 3125 - 13391 = -11*y - 18*y. Suppose -b = b - 34. Calculate the remainder when y is divided by b.
14
Let o be 588/(-22) + 225/(-825). Calculate the remainder when (o/(-6) - 3)*(-2828)/(-42) is divided by 30.
11
Let r be 2460/(-16) - -1*(-3)/12. Let h = 172 + r. What is the remainder when 175 is divided by h?
13
Let p(q) = 14*q + 193 - 2*q**2 - 93 - 98. Let w(v) = -v**3 + v**2 + v - 3. Let i be w(-2). What is the remainder when 8 is divided by p(i)?
0
Let y be 4 - ((-10)/15*3 - 1). Let s(v) = v**3 - 8*v**2 + 7*v + 20. Let n(d) = d**2 - 7*d - 2. Calculate the remainder when n(-5) is divided by s(y).
18
Suppose 2*q = 3*t - 125, 2*t = -5*q - 0*q + 115. Suppose 2*g - i = t, -3 + 89 = 4*g + 2*i. What is the remainder when 152 is divided by g?
20
Let v be 1/(-3) + (-1624)/(-21). Suppose 3*d - v = 2*w, -2 - 21 = -d + 2*w. Suppose -1206 = -0*r - 9*r. Calculate the remainder when r is divided by d.
26
Suppose -60116 = -271*a - 12149. Calculate the remainder when 331 is divided by a.
154
Suppose 3*j - c - 17 = 0, -j - 1 - 15 = 4*c. Suppose j*d - 33 = -5*y + 30, 0 = 4*d + 2*y - 66. Calculate the remainder when 19 is divided by d.
2
Suppose -2*l - 5 = 5*h - 22, 0 = -3*l + h - 17. Let u(d) = 2*d**2 - 23*d + 61. What is the remainder when (-1)/l*-34*-2 is divided by u(8)?
2
Suppose -28*g - 165 = -t - 27*g, t - 5*g - 181 = 0. Calculate the remainder when t is divided by 24.
17
Let g(l) = 28*l + 30 - 22*l + 53. What is the remainder when 204 is divided by g(-10)?
20
Suppose y + 61 = 2*w, -6*w + 3*y = -3*w - 84. What is the remainder when 194 is divided by w?
29
Suppose -y + 207 = 4*i, -y = y - 5*i - 375. Suppose -2*g + y = 1. Calculate the remainder when g is divided by 25.
22
Let k = -343 + 638. Suppose 0*c = -5*c - k. Let a = -37 - c. Calculate the remainder when 38 is divided by a.
16
Suppose 2*d = -5*o + 91, -2*o = 2*d - 4*o - 56. Let m = 308 + -179. What is the remainder when m is divided by d?
30
Let o be -3 + ((-1430)/(-198) - 4/18). Suppose -o*y = -198 - 166. What is the remainder when y is divided by 21?
7
Let q be (0 - 36)*(55/10)/(-11). Let v(u) = -u**3 + 19*u**2 - 16*u - 26. Calculate the remainder when (-1)/4 - (-343)/28 is divided by v(q).
2
Let u = 4404 + -4396. Suppose j - 12 - 122 = 0. What is the remainder when j is divided by u?
6
Let l be (-16)/(-24) + 22/3. Suppose 5*h + l*h = 169. Calculate the remainder when 102 is divided by h.
11
Let y(s) = 123*s + 29. Let v be y(7). Let t be 2/5 - v/(-25). Suppose -26*i = -24*i - t. Calculate the remainder when 52 is divided by i.
16
Suppose 0*t - 4 = -4*t + 2*n, 0 = -5*t - 3*n - 6. Let m = 5 + t. What is the remainder when 5/(m/2) + 101 + 0 is divided by 35?
33
Let x(u) = -2*u + 67 - 28 + 22. Let g = 29 - -72. Calculate the remainder when g is divided by x(24).
10
Let t(g) = 10*g. Let z be t(-1). Let k = 15 + z. Calculate the remainder when 2/((-3)/10*(-40)/48) is divided by k.
3
Let x(o) = 45*o**3 + o**2. Calculate the remainder when 8/(-12)*1832/(-12)*9/4 is divided by x(1).
45
Let c(w) = -w**2 + 7*w + 28. Let p be c(9). What is the remainder when 6/5*25/p - -84 is divided by 44?
43
Suppose 36 = 40*o - 34*o. Suppose -o*t + 35 = -25. What is the remainder when 19 + -2 + (-2 - 0) is divided by t?
5
Suppose 0 = 3*y + l - 272 + 81, -73 = -y + 2*l. Let p(b) = b**3 + 10*b**2 - 4*b - 14. What is the remainder when y is divided by p(-10)?
13
Suppose -3*i + z = -3 - 10, 0 = 2*z - 4. Suppose -i*h + 79 = -186. What is the remainder when 153 is divided by h?
47
Let g(d) = 6*d**2 - 8*d - 1. Let i = -284 - -317. What is the remainder when i is divided by g(2)?
5
Suppose -3326 = -4*f + 2*g, -5*f - 22*g = -19*g - 4152. Calculate the remainder when f is divided by 60.
51
Suppose 3*w = k + 546, -5*k + 930 = -1157*w + 1162*w. Calculate the remainder when w is divided by (6/(-9))/(4/(-282)).
42
Let r(j) = 4*j - 86. Let k be r(27). Let d(z) = z**3 - 21*z**2 - 22*z + 31. Let n be d(k). Let x = -28 + n. Calculate the remainder when 19 is divided by x.
1
Suppose 0 = -142*y + 28*y + 14567 + 823. What is the remainder when 2158 is divided by y?
133
Let u be ((-4)/6)/((-4)/18). Let l = 10 - u. What is the remainder when (6 - 11)*(-10 - (0 + -5))/1 is divided by l?
4
Suppose -51*x = g - 54*x - 643, -x + 1889 = 3*g. Calculate the remainder when g is divided by 49.
43
Suppose 0 = -332*u + 164*u + 160*u + 5080. Calculate the remainder when u is divided by 9.
5
Let f(g) = 5*g - 12. Let z be f(8). Let k = -4 + z. Suppose -119 = -5*r - k. Calculate the remainder when 75 is divided by r.
18
Suppose -49*z + 1377 = 12*z - 34*z. What is the remainder when 1012 is divided by z?
43
Let m = 3237 + -1362. Suppose -1005 - m = -3*i. Calculate the remainder when 5/((-390)/(-12)) - i/(-13) is divided by 15.
14
Let o(x) = x**2 + 9. Let z be o(0). Let y be 246/2 + -5 + -7 + 7. Let k = y - z. Calculate the remainder when k is